{"id":8,"date":"2020-01-13T16:48:07","date_gmt":"2020-01-13T16:48:07","guid":{"rendered":"https:\/\/wp-a.bogenfluesterer-ev.de\/?page_id=8"},"modified":"2023-05-09T15:42:49","modified_gmt":"2023-05-09T14:42:49","slug":"kontakt","status":"publish","type":"page","link":"https:\/\/www.bogenfluesterer-ev.de\/?page_id=8","title":{"rendered":"Kontakt"},"content":{"rendered":"\n<p>Du kannst gern pers\u00f6nlich mit uns Kontakt aufnehmen. <\/p>\n\n\n\n<p>F\u00fcr n\u00e4here Informationen und Anfragen, wie beispielsweise f\u00fcr Schnupperkurse oder Probetrainings, wendet Euch bitte an: <\/p>\n\n\n\n<h2 class=\"wp-block-heading\"><strong>Bogenfl\u00fcsterer e.V.<\/strong><\/h2>\n\n\n\n<p>Rebecca Nikelis (1. Vorsitzende)<\/p>\n\n\n\n<p>Kitschburger Stra\u00dfe 13<br>51147 K\u00f6ln<\/p>\n\n\n\n<p>Telefon: 02203-5746292<\/p>\n\n\n\n<p>E-Mail: info@bogenfluesterer-ev.de<\/p>\n","protected":false},"excerpt":{"rendered":"<p>Du kannst gern pers\u00f6nlich mit uns Kontakt aufnehmen. F\u00fcr n\u00e4here Informationen und Anfragen, wie beispielsweise f\u00fcr Schnupperkurse oder Probetrainings, wendet Euch bitte an: Bogenfl\u00fcsterer e.V. Rebecca Nikelis (1. Vorsitzende) Kitschburger Stra\u00dfe 1351147 K\u00f6ln Telefon: 02203-5746292 E-Mail: info@bogenfluesterer-ev.de<\/p>\n","protected":false},"author":1,"featured_media":0,"parent":0,"menu_order":0,"comment_status":"closed","ping_status":"closed","template":"","meta":{"ngg_post_thumbnail":0,"footnotes":""},"class_list":["post-8","page","type-page","status-publish","hentry"],"_links":{"self":[{"href":"https:\/\/www.bogenfluesterer-ev.de\/index.php?rest_route=\/wp\/v2\/pages\/8","targetHints":{"allow":["GET"]}}],"collection":[{"href":"https:\/\/www.bogenfluesterer-ev.de\/index.php?rest_route=\/wp\/v2\/pages"}],"about":[{"href":"https:\/\/www.bogenfluesterer-ev.de\/index.php?rest_route=\/wp\/v2\/types\/page"}],"author":[{"embeddable":true,"href":"https:\/\/www.bogenfluesterer-ev.de\/index.php?rest_route=\/wp\/v2\/users\/1"}],"replies":[{"embeddable":true,"href":"https:\/\/www.bogenfluesterer-ev.de\/index.php?rest_route=%2Fwp%2Fv2%2Fcomments&post=8"}],"version-history":[{"count":5,"href":"https:\/\/www.bogenfluesterer-ev.de\/index.php?rest_route=\/wp\/v2\/pages\/8\/revisions"}],"predecessor-version":[{"id":989,"href":"https:\/\/www.bogenfluesterer-ev.de\/index.php?rest_route=\/wp\/v2\/pages\/8\/revisions\/989"}],"wp:attachment":[{"href":"https:\/\/www.bogenfluesterer-ev.de\/index.php?rest_route=%2Fwp%2Fv2%2Fmedia&parent=8"}],"curies":[{"name":"wp","href":"https:\/\/api.w.org\/{rel}","templated":true}]}}