{"id":276,"date":"2022-09-18T14:17:23","date_gmt":"2022-09-18T13:17:23","guid":{"rendered":"https:\/\/www.bogenfluesterer-ev.de\/?page_id=276"},"modified":"2024-02-21T19:18:40","modified_gmt":"2024-02-21T18:18:40","slug":"linksammlung","status":"publish","type":"page","link":"https:\/\/www.bogenfluesterer-ev.de\/?page_id=276","title":{"rendered":"Linksammlung"},"content":{"rendered":"\n<p>Einen gro\u00dfen Dank geht zuerst an die <a href=\"https:\/\/www.stadt-koeln.de\/\" target=\"_blank\" rel=\"noreferrer noopener\">Stadt K\u00f6ln<\/a>, den Mitarbeiterinnen und Mitarbeitern des <a href=\"https:\/\/www.stadt-koeln.de\/service\/adressen\/sportamt\" target=\"_blank\" rel=\"noreferrer noopener\">Sportamtes<\/a>, den Mitarbeiterinnen und Mitarbeitern des <a href=\"https:\/\/www.ssbk.de\/\" target=\"_blank\" rel=\"noreferrer noopener\">Stadtsportbund K\u00f6ln e.V.<\/a> sowie dem <a href=\"https:\/\/www.stadt-koeln.de\/leben-in-koeln\/stadtbezirke\/porz\/index.html\" target=\"_blank\" rel=\"noreferrer noopener\">Stadtbezirk K\u00f6ln-Porz<\/a>, die uns seit der Vereinsgr\u00fcndung tatkr\u00e4ftig unterst\u00fctzen.  <\/p>\n\n\n\n<p>Die folgende Liste wird laufend aktualisiert. Stand: 18.09.2022<\/p>\n\n\n\n<h2 class=\"wp-block-heading\">Befreundete Vereine\/Partner<\/h2>\n\n\n\n<p>unter anderem:<\/p>\n\n\n\n<ul class=\"wp-block-list\">\n<li><a rel=\"noreferrer noopener\" href=\"http:\/\/www.wahn-grengel.de\/\" target=\"_blank\">Spielervereinigung Wahn-Grengel e.V.<\/a><\/li>\n\n\n\n<li><a rel=\"noreferrer noopener\" href=\"http:\/\/www.ssz-wahn.de\" target=\"_blank\">SSZ K\u00f6ln-Wahn e.V.<\/a><\/li>\n\n\n\n<li><a rel=\"noreferrer noopener\" href=\"https:\/\/www.bogenteam-coelln.de\/\" target=\"_blank\">Bogenteam C\u00f6lln e.V.<\/a><\/li>\n\n\n\n<li><a rel=\"noreferrer noopener\" href=\"http:\/\/behindertensport-opladen.de\/\" target=\"_blank\">BS Opladen 1962 e.V.<\/a><\/li>\n\n\n\n<li><a rel=\"noreferrer noopener\" href=\"http:\/\/www.tv-eiche.de\" target=\"_blank\">TV Eiche Bad Honnef 02 e.V.<\/a><\/li>\n\n\n\n<li><a rel=\"noreferrer noopener\" href=\"https:\/\/www.family-of-archer.eu\/\" target=\"_blank\">Family of Archer Wormersdorf e.V.<\/a><\/li>\n\n\n\n<li><a rel=\"noreferrer noopener\" href=\"https:\/\/www.bs-troisdorf.de\" target=\"_blank\">Bogensch\u00fctzen Troisdorf e.V.<\/a><\/li>\n\n\n\n<li><a href=\"https:\/\/www.bogensport-wilhelm-tell-duesseldorf.de\/\" target=\"_blank\" rel=\"noreferrer noopener\">Bogensport Wilhelm Tell D\u00fcsseldorf e.V.<\/a><\/li>\n\n\n\n<li><a href=\"https:\/\/rsg-dueren.de\/\" target=\"_blank\" rel=\"noreferrer noopener\">Bogensch\u00fctzen RSG D\u00fcren<\/a><\/li>\n<\/ul>\n\n\n\n<h2 class=\"wp-block-heading\">Verb\u00e4nde<\/h2>\n\n\n\n<h3 class=\"wp-block-heading\">Internationale Organisationen<\/h3>\n\n\n\n<ul class=\"wp-block-list\">\n<li>WA (FITA) &#8211; <a href=\"https:\/\/worldarchery.sport\/\" target=\"_blank\" rel=\"noreferrer noopener\">World Archery<\/a><\/li>\n\n\n\n<li>I.O.C. &#8211; <a href=\"https:\/\/olympics.com\/ioc\" target=\"_blank\" rel=\"noreferrer noopener\">International Olympic Committee<\/a><\/li>\n<\/ul>\n\n\n\n<h3 class=\"wp-block-heading\">Bundesverb\u00e4nde<\/h3>\n\n\n\n<ul class=\"wp-block-list\">\n<li>DSB&nbsp; &#8211;&nbsp; <a href=\"http:\/\/www.dsb.de\" target=\"_blank\" rel=\"noreferrer noopener\">Deutscher Sch\u00fctzenbund<\/a> (alle Sch\u00fctzen)<\/li>\n\n\n\n<li>DBSV&nbsp; &#8211;&nbsp; <a href=\"http:\/\/www.dbsv1959.de\" target=\"_blank\" rel=\"noreferrer noopener\">Deutscher Bogensportverband<\/a> (nur Bogen)<\/li>\n<\/ul>\n\n\n\n<h3 class=\"wp-block-heading\">Landesverb\u00e4nde NRW<\/h3>\n\n\n\n<ul class=\"wp-block-list\">\n<li>RSB&nbsp; &#8211;&nbsp; <a href=\"http:\/\/www.rheinischer-schuetzenbund.de\" target=\"_blank\" rel=\"noreferrer noopener\">Rheinischer Sch\u00fctzenbund<\/a> (geh\u00f6rt zum DSB)<\/li>\n\n\n\n<li>RSB &nbsp;&#8211; &nbsp;<a href=\"http:\/\/www.bezirk07-koeln.de\" target=\"_blank\" rel=\"noreferrer noopener\">Website des K\u00f6lner Bezirk 07<\/a><\/li>\n\n\n\n<li>BVNW&nbsp; &#8211;&nbsp; <a href=\"http:\/\/www.bvnw91.de\" target=\"_blank\" rel=\"noreferrer noopener\">Bogensportverband NRW<\/a> (geh\u00f6rt zum DBSV)<\/li>\n<\/ul>\n\n\n\n<h2 class=\"wp-block-heading\">Weiteres<\/h2>\n\n\n\n<h3 class=\"wp-block-heading\">Ampelanlage<\/h3>\n\n\n<div class=\"wp-block-image\">\n<figure class=\"alignleft size-full is-resized\"><img loading=\"lazy\" decoding=\"async\" width=\"250\" height=\"136\" src=\"https:\/\/www.bogenfluesterer-ev.de\/wp-content\/uploads\/2022\/09\/IMG_016-Ampel.jpg\" alt=\"\" class=\"wp-image-719\" style=\"width:207px;height:113px\"\/><\/figure><\/div>\n\n\n<p>Wir verwenden die freie Software <a href=\"https:\/\/www.purecontest.de\/\" target=\"_blank\" rel=\"noreferrer noopener\">PureContest<\/a> zum Steuern unser Ampelanlage f\u00fcr Bogensport Wettk\u00e4mpfe.<\/p>\n\n\n\n<figure class=\"wp-block-image size-large is-resized\"><a href=\"https:\/\/www.purecontest.de\/\" target=\"_blank\" rel=\"noreferrer noopener\"><img loading=\"lazy\" decoding=\"async\" width=\"1024\" height=\"176\" src=\"https:\/\/www.bogenfluesterer-ev.de\/wp-content\/uploads\/2022\/09\/Logo_PureContest-1024x176.jpg\" alt=\"\" class=\"wp-image-716\" style=\"width:226px;height:38px\" srcset=\"https:\/\/www.bogenfluesterer-ev.de\/wp-content\/uploads\/2022\/09\/Logo_PureContest-1024x176.jpg 1024w, https:\/\/www.bogenfluesterer-ev.de\/wp-content\/uploads\/2022\/09\/Logo_PureContest-300x52.jpg 300w, https:\/\/www.bogenfluesterer-ev.de\/wp-content\/uploads\/2022\/09\/Logo_PureContest-768x132.jpg 768w, https:\/\/www.bogenfluesterer-ev.de\/wp-content\/uploads\/2022\/09\/Logo_PureContest-1536x264.jpg 1536w, https:\/\/www.bogenfluesterer-ev.de\/wp-content\/uploads\/2022\/09\/Logo_PureContest.jpg 1747w\" sizes=\"auto, (max-width: 767px) 89vw, (max-width: 1000px) 54vw, (max-width: 1071px) 543px, 580px\" \/><\/a><\/figure>\n\n\n\n<p><\/p>\n","protected":false},"excerpt":{"rendered":"<p>Einen gro\u00dfen Dank geht zuerst an die Stadt K\u00f6ln, den Mitarbeiterinnen und Mitarbeitern des Sportamtes, den Mitarbeiterinnen und Mitarbeitern des Stadtsportbund K\u00f6ln e.V. sowie dem Stadtbezirk K\u00f6ln-Porz, die uns seit der Vereinsgr\u00fcndung tatkr\u00e4ftig unterst\u00fctzen. Die folgende Liste wird laufend aktualisiert. Stand: 18.09.2022 Befreundete Vereine\/Partner unter anderem: Verb\u00e4nde Internationale Organisationen Bundesverb\u00e4nde Landesverb\u00e4nde NRW Weiteres Ampelanlage Wir &hellip; <\/p>\n<p class=\"link-more\"><a href=\"https:\/\/www.bogenfluesterer-ev.de\/?page_id=276\" class=\"more-link\"><span class=\"screen-reader-text\">\u201eLinksammlung\u201c<\/span> weiterlesen<\/a><\/p>\n","protected":false},"author":3,"featured_media":0,"parent":0,"menu_order":0,"comment_status":"closed","ping_status":"closed","template":"","meta":{"ngg_post_thumbnail":0,"footnotes":""},"class_list":["post-276","page","type-page","status-publish","hentry"],"_links":{"self":[{"href":"https:\/\/www.bogenfluesterer-ev.de\/index.php?rest_route=\/wp\/v2\/pages\/276","targetHints":{"allow":["GET"]}}],"collection":[{"href":"https:\/\/www.bogenfluesterer-ev.de\/index.php?rest_route=\/wp\/v2\/pages"}],"about":[{"href":"https:\/\/www.bogenfluesterer-ev.de\/index.php?rest_route=\/wp\/v2\/types\/page"}],"author":[{"embeddable":true,"href":"https:\/\/www.bogenfluesterer-ev.de\/index.php?rest_route=\/wp\/v2\/users\/3"}],"replies":[{"embeddable":true,"href":"https:\/\/www.bogenfluesterer-ev.de\/index.php?rest_route=%2Fwp%2Fv2%2Fcomments&post=276"}],"version-history":[{"count":19,"href":"https:\/\/www.bogenfluesterer-ev.de\/index.php?rest_route=\/wp\/v2\/pages\/276\/revisions"}],"predecessor-version":[{"id":1202,"href":"https:\/\/www.bogenfluesterer-ev.de\/index.php?rest_route=\/wp\/v2\/pages\/276\/revisions\/1202"}],"wp:attachment":[{"href":"https:\/\/www.bogenfluesterer-ev.de\/index.php?rest_route=%2Fwp%2Fv2%2Fmedia&parent=276"}],"curies":[{"name":"wp","href":"https:\/\/api.w.org\/{rel}","templated":true}]}}