{"id":1038,"date":"2023-07-09T15:50:37","date_gmt":"2023-07-09T14:50:37","guid":{"rendered":"https:\/\/www.bogenfluesterer-ev.de\/?page_id=1038"},"modified":"2025-01-18T18:22:00","modified_gmt":"2025-01-18T17:22:00","slug":"medienspiegel","status":"publish","type":"page","link":"https:\/\/www.bogenfluesterer-ev.de\/?page_id=1038","title":{"rendered":"Medienspiegel"},"content":{"rendered":"\n<p>In diesem Bereich finden sich Verweise auf Medienbeitr\u00e4ge, die \u00fcber den Bogenfl\u00fcsterer e.V. berichteten. Hierzu geh\u00f6ren beispielsweise Zeitungsartikel. <\/p>\n\n\n\n<h2 class=\"wp-block-heading\">2024<\/h2>\n\n\n\n<ul class=\"wp-block-list\">\n<li>Bogenfl\u00fcsterer e.V. begeistert mit Erfolg und Engagement<br><a href=\"https:\/\/www.bogenfluesterer-ev.de\/wp-content\/uploads\/2025\/01\/Porz_am_Montag_PAM_50_2024_Seite22.pdf\" data-type=\"attachment\" data-id=\"1240\" target=\"_blank\" rel=\"noreferrer noopener\">Porz am Montag, v. 14. Dezember 2024<\/a> <br>(Webartikel: <a href=\"https:\/\/www.porz-am-montag.de\/2999264-porz-im-bogenfieber\/\">https:\/\/www.porz-am-montag.de\/2999264-porz-im-bogenfieber\/<\/a>)<br><\/li>\n\n\n\n<li>Verein f\u00fchrt Kinder an Bogensport heran. Grundsch\u00fcler und -sch\u00fclerinnen trainieren auf dem Gel\u00e4nde eines ehemaligen Verkehrs\u00fcbungsplatzes. <br><a href=\"https:\/\/www.bogenfluesterer-ev.de\/wp-content\/uploads\/2024\/07\/Presseartikel_Koelner_Stadtanzeiger_25-07-2024-Seite_35.pdf\" data-type=\"attachment\" data-id=\"1229\" target=\"_blank\" rel=\"noreferrer noopener\">K\u00f6lner Stadtanzeiger, v. 25. Juli 2024<\/a><\/li>\n<\/ul>\n\n\n\n<h2 class=\"wp-block-heading\">2023<\/h2>\n\n\n\n<ul class=\"wp-block-list\">\n<li>Die Bogenfl\u00fcsterer ziehen nach Wahnheide. Neue Saison startet auf neuem Bogenschie\u00dfgel\u00e4nde. <br><a href=\"https:\/\/www.bogenfluesterer-ev.de\/wp-content\/uploads\/2023\/07\/Presseartikel_Porz_am_Montag_PAM_24_17-06-2023_Seite_17.pdf\" data-type=\"attachment\" data-id=\"1037\" target=\"_blank\" rel=\"noreferrer noopener\">Porz am Montag, v. 17. Juni 2023<\/a><br><\/li>\n\n\n\n<li>Bogenfl\u00fcsterer nun in Wahnheide. Kommende Saison startet auf neuem Gel\u00e4nde und mit j\u00fcngst gew\u00e4hltem neuen Vorstands-Team. <br><a rel=\"noreferrer noopener\" href=\"https:\/\/www.bogenfluesterer-ev.de\/wp-content\/uploads\/2023\/07\/Presseartikel_Express_die_Woche_Porz_23-06-2023-Seite_3.pdf\" data-type=\"attachment\" data-id=\"1036\" target=\"_blank\">Express Die Woche, v. 23. Juni 2023<\/a><br><\/li>\n\n\n\n<li>Bogenschie\u00dfen wie Robin Hood! Neue Schnupperkurse bei den Bogenfl\u00fcsterern.<br><a href=\"https:\/\/www.bogenfluesterer-ev.de\/wp-content\/uploads\/2023\/09\/Presseartikel_Porz_am_Montag_PAM_35_02-09-2023_Seite11.pdf\" data-type=\"attachment\" data-id=\"1071\" target=\"_blank\" rel=\"noreferrer noopener\">Porz am Montag, v. 02. September 2023<\/a> <br><\/li>\n\n\n\n<li>Bogenfl\u00fcsterer zeigten sich treffsicher! Porzer Bogensportvereine ermittelten ihre Kreismeister.<br><a href=\"https:\/\/www.bogenfluesterer-ev.de\/wp-content\/uploads\/2023\/12\/Porz_am_Montag_PAM_48_2023_Seite23.pdf\" data-type=\"attachment\" data-id=\"1142\" target=\"_blank\" rel=\"noreferrer noopener\">Porz am Montag, v. 02. Dezember 2023<\/a> (<a href=\"https:\/\/www.porz-am-montag.de\/sport\/2891951-bogenfluesterer-zeigten-sich-treffsicher\/\" target=\"_blank\" rel=\"noreferrer noopener\">Online-Artikel<\/a>)<br><\/li>\n<\/ul>\n","protected":false},"excerpt":{"rendered":"<p>In diesem Bereich finden sich Verweise auf Medienbeitr\u00e4ge, die \u00fcber den Bogenfl\u00fcsterer e.V. berichteten. Hierzu geh\u00f6ren beispielsweise Zeitungsartikel. 2024 2023<\/p>\n","protected":false},"author":4,"featured_media":0,"parent":0,"menu_order":0,"comment_status":"closed","ping_status":"closed","template":"","meta":{"ngg_post_thumbnail":0,"footnotes":""},"class_list":["post-1038","page","type-page","status-publish","hentry"],"_links":{"self":[{"href":"https:\/\/www.bogenfluesterer-ev.de\/index.php?rest_route=\/wp\/v2\/pages\/1038","targetHints":{"allow":["GET"]}}],"collection":[{"href":"https:\/\/www.bogenfluesterer-ev.de\/index.php?rest_route=\/wp\/v2\/pages"}],"about":[{"href":"https:\/\/www.bogenfluesterer-ev.de\/index.php?rest_route=\/wp\/v2\/types\/page"}],"author":[{"embeddable":true,"href":"https:\/\/www.bogenfluesterer-ev.de\/index.php?rest_route=\/wp\/v2\/users\/4"}],"replies":[{"embeddable":true,"href":"https:\/\/www.bogenfluesterer-ev.de\/index.php?rest_route=%2Fwp%2Fv2%2Fcomments&post=1038"}],"version-history":[{"count":16,"href":"https:\/\/www.bogenfluesterer-ev.de\/index.php?rest_route=\/wp\/v2\/pages\/1038\/revisions"}],"predecessor-version":[{"id":1244,"href":"https:\/\/www.bogenfluesterer-ev.de\/index.php?rest_route=\/wp\/v2\/pages\/1038\/revisions\/1244"}],"wp:attachment":[{"href":"https:\/\/www.bogenfluesterer-ev.de\/index.php?rest_route=%2Fwp%2Fv2%2Fmedia&parent=1038"}],"curies":[{"name":"wp","href":"https:\/\/api.w.org\/{rel}","templated":true}]}}

<p>In diesem Bereich finden sich Verweise auf Medienbeiträge, die über den Bogenflüsterer e.V. berichteten. Hierzu gehören beispielsweise Zeitungsartikel. </p>



<h2 class="wp-block-heading">2024</h2>



<ul class="wp-block-list">
<li>Bogenflüsterer e.V. begeistert mit Erfolg und Engagement<br><a href="https://www.bogenfluesterer-ev.de/wp-content/uploads/2025/01/Porz_am_Montag_PAM_50_2024_Seite22.pdf" data-type="attachment" data-id="1240" target="_blank" rel="noreferrer noopener">Porz am Montag, v. 14. Dezember 2024</a> <br>(Webartikel: <a href="https://www.porz-am-montag.de/2999264-porz-im-bogenfieber/">https://www.porz-am-montag.de/2999264-porz-im-bogenfieber/</a>)<br></li>



<li>Verein führt Kinder an Bogensport heran. Grundschüler und -schülerinnen trainieren auf dem Gelände eines ehemaligen Verkehrsübungsplatzes. <br><a href="https://www.bogenfluesterer-ev.de/wp-content/uploads/2024/07/Presseartikel_Koelner_Stadtanzeiger_25-07-2024-Seite_35.pdf" data-type="attachment" data-id="1229" target="_blank" rel="noreferrer noopener">Kölner Stadtanzeiger, v. 25. Juli 2024</a></li>
</ul>



<h2 class="wp-block-heading">2023</h2>



<ul class="wp-block-list">
<li>Die Bogenflüsterer ziehen nach Wahnheide. Neue Saison startet auf neuem Bogenschießgelände. <br><a href="https://www.bogenfluesterer-ev.de/wp-content/uploads/2023/07/Presseartikel_Porz_am_Montag_PAM_24_17-06-2023_Seite_17.pdf" data-type="attachment" data-id="1037" target="_blank" rel="noreferrer noopener">Porz am Montag, v. 17. Juni 2023</a><br></li>



<li>Bogenflüsterer nun in Wahnheide. Kommende Saison startet auf neuem Gelände und mit jüngst gewähltem neuen Vorstands-Team. <br><a rel="noreferrer noopener" href="https://www.bogenfluesterer-ev.de/wp-content/uploads/2023/07/Presseartikel_Express_die_Woche_Porz_23-06-2023-Seite_3.pdf" data-type="attachment" data-id="1036" target="_blank">Express Die Woche, v. 23. Juni 2023</a><br></li>



<li>Bogenschießen wie Robin Hood! Neue Schnupperkurse bei den Bogenflüsterern.<br><a href="https://www.bogenfluesterer-ev.de/wp-content/uploads/2023/09/Presseartikel_Porz_am_Montag_PAM_35_02-09-2023_Seite11.pdf" data-type="attachment" data-id="1071" target="_blank" rel="noreferrer noopener">Porz am Montag, v. 02. September 2023</a> <br></li>



<li>Bogenflüsterer zeigten sich treffsicher! Porzer Bogensportvereine ermittelten ihre Kreismeister.<br><a href="https://www.bogenfluesterer-ev.de/wp-content/uploads/2023/12/Porz_am_Montag_PAM_48_2023_Seite23.pdf" data-type="attachment" data-id="1142" target="_blank" rel="noreferrer noopener">Porz am Montag, v. 02. Dezember 2023</a> (<a href="https://www.porz-am-montag.de/sport/2891951-bogenfluesterer-zeigten-sich-treffsicher/" target="_blank" rel="noreferrer noopener">Online-Artikel</a>)<br></li>
</ul>

<p>In diesem Bereich finden sich Verweise auf Medienbeiträge, die über den Bogenflüsterer e.V. berichteten. Hierzu gehören beispielsweise Zeitungsartikel. 2024 2023</p>
